Suppose -2*c + 271 = -f*q + 2*q, -q = 3*c - 390. Is c a composite number?
False
Suppose 4*l + 2*d - 401 - 9665 = 0, 4*l = 2*d + 10070. Is l a prime number?
False
Let y(h) = 3*h**3 - 2*h**2 + h - 1. Suppose 0 = -3*l + x + 17, 2*l + l - 2*x = 22. Is y(l) composite?
False
Let h(l) = -l**2 - l + 337. Let b(m) = m**2 + 6*m - 7. Let r be b(-7). Is h(r) composite?
False
Let a(g) = 2*g**3 + 4*g**2 + 4*g + 3. Let q be a(-2). Let d = q - -8. Is d*(0 - (-92)/6) composite?
True
Suppose 3*l - 5*z - 172 = -0*z, -4*z - 265 = -5*l. Suppose 0 = w + 4*d - 31, -w + d = -d - l. Is w a prime number?
True
Suppose 3*y + 1203 - 3126 = 0. Is y prime?
True
Suppose -309 - 1557 = -6*u. Is u prime?
True
Suppose -5*p - u = -1204, 2*p + u = -0*p + 484. Suppose -4*i + 4*c = -p, i - 72 + 4 = -3*c. Is i a prime number?
False
Let c(z) = 6*z**2 + 8*z + 5. Let m(b) = -18*b**2 - 23*b - 14. Let s(x) = -17*c(x) - 6*m(x). Is s(1) a prime number?
True
Is 16/12 - 2357/(-3) a composite number?
False
Suppose 0*s + 168 = 4*s. Suppose -2*v + 3*x - 64 = 0, -2*v + 4*x - s = -v. Is 10*(v/(-4) + -1) composite?
True
Is (-1 - -4) + 496/4 a composite number?
False
Is (-5677)/14*(-2 + 0) a composite number?
False
Let c = -8 + 5. Let g be -282*((-5)/c + -1). Let m = g + 337. Is m a prime number?
True
Let v = 1319 + -870. Is v a composite number?
False
Let d(h) be the first derivative of 5*h**4/4 - 8*h**3/3 + 3*h**2 - 7*h - 5. Is d(6) a prime number?
True
Is ((-4356)/(-8))/9*2 a composite number?
True
Let g(l) be the first derivative of 97/3*l**3 + 2 - l + 1/2*l**2. Is g(1) composite?
False
Let r(p) = p**3 - 3*p**2 - 3*p - 1. Let z be r(4). Suppose -z*o + 16 + 617 = 0. Is o a prime number?
True
Let y be (-9)/(-1)*(-2)/6. Let s(p) = -p**2 + p + 1. Let h(g) = -2*g**3 + 3*g**2 - 2*g - 8. Let o(u) = h(u) + 4*s(u). Is o(y) prime?
False
Let h(p) = 532*p**3 + 3*p**2 - p + 5. Is h(2) a composite number?
False
Suppose 2*s - 4 - 12 = 0. Is -3*1 + s + 221 composite?
True
Let g(t) = t - 4. Suppose -4*d + 10 = 3*a, -16 = -5*a + 4*a + 5*d. Let c be g(a). Suppose -7 = -s - 0*s - u, -5*s - c*u + 35 = 0. Is s a prime number?
True
Let r = 13 - 10. Suppose 0 = 5*v - 2*w - 387, r*v - 201 = w + 31. Is v a composite number?
True
Suppose 3*s + 9 = 0, -s + 3*s + 442 = 4*h. Is h a composite number?
False
Is 2/8*18140/5 composite?
False
Let o be (2 - 0)/((-3)/(-51)). Suppose -3*q + 0*q + 14 = s, -o = -5*s - 3*q. Suppose 0 = -9*b + 4*b + 3*i + 50, -s*i - 4 = 3*b. Is b a composite number?
False
Let t be 2 - (-1 + 1) - 0. Suppose -3*r - 4*i = 202, 2*r + 260 = -t*r - 3*i. Let c = -27 - r. Is c a prime number?
False
Is -21*(3 - (-30)/(-9)) composite?
False
Let r = 2470 - 1047. Is r composite?
False
Let c be (-6)/(-1)*-1 - -1. Let t(o) = -o + 1. Let z(y) = 3*y**2 + 5*y + 9. Let p(m) = -2*t(m) + z(m). Is p(c) a prime number?
True
Let o(s) = -s**2 - 3*s + 4. Let a be o(-4). Suppose -2*l + 98 + 20 = a. Is l a prime number?
True
Let j = 1675 - 580. Suppose v + 2*v = 12, 5*v = 5*l - j. Is l a composite number?
False
Let z be 0*((-21)/(-6) + -3). Suppose -4*b = 2*o - 144, z = 4*b - 7*b + o + 113. Is b a prime number?
True
Let u = 15 + -11. Suppose -t + 5 = 5*i + 4*t, -2*i + u*t + 14 = 0. Is i prime?
True
Is (-575)/(-2) + 8/(-16) composite?
True
Suppose -5*a + 1265 = 3*o, -5*a + 1012 = -a + 2*o. Is a prime?
False
Let b(u) = 84*u**2. Let s be b(-1). Suppose 4*f = 7*k - 3*k - s, 0 = 2*k - 5*f - 48. Is k a composite number?
False
Let i = -21 - -7. Let z = i + 69. Is z a prime number?
False
Suppose -108 - 16 = -4*s. Is s prime?
True
Let k(s) = 2*s**3 - 9*s - 3. Let v(p) = -2*p**3 + 8*p + 2. Let f(l) = -5*k(l) - 6*v(l). Let j be f(2). Suppose -j = -n + 2. Is n prime?
False
Let m = -2 - -2. Let w = -30 - -46. Suppose 3*s - h - 50 + w = m, -5*s - 4*h = -51. Is s a prime number?
True
Let i(r) = r**3 - r**2 - 4*r + 5. Is i(4) a prime number?
True
Let o(n) = 77 + 4*n**2 - 2*n**2 - 3*n**2. Let f be o(0). Suppose 0 = j + 4*c - f, -7*j + 337 = -2*j + 4*c. Is j a composite number?
True
Let r(y) = y**3 - 3*y**2 + y + 2. Let c be r(2). Suppose -4*u + 5*v = -u - 20, c = -u - 5*v. Suppose a = u*a - 8. Is a prime?
True
Let u = -94 - -257. Is u composite?
False
Suppose -h - 3 + 5 = 0. Let f(u) = 19*u - 1. Is f(h) a composite number?
False
Let d(k) be the third derivative of -k**6/120 + 2*k**5/15 - k**4/8 + 3*k**3/2 - 2*k**2. Is d(7) prime?
True
Let r(o) be the first derivative of 25*o**2/2 - 9*o + 6. Is r(8) composite?
False
Suppose 0 - 5 = -5*w. Let v(o) = 59*o**2 - o. Is v(w) a composite number?
True
Let p(c) = 2*c - 5. Let k(m) = 3*m - 4. Let d be k(4). Let y be 4/d + 34/4. Is p(y) a composite number?
False
Let l(s) = 10*s - 3. Let c(h) = -21*h + 5. Let p(m) = 2*c(m) + 5*l(m). Is p(8) prime?
True
Suppose 3*b - 22 = z, -2*b + 2*z + 2*z + 18 = 0. Suppose -b = 2*g - 51. Is g prime?
False
Let l be 7 + -6 + 3 - 0. Suppose 2*x + x + 5*b - 200 = 0, -2*x = -l*b - 126. Suppose -x = -5*r + 40. Is r prime?
False
Suppose z + 1126 = 3*z - 4*i, -4*z = i - 2297. Suppose 2*m + 71 = z. Is m prime?
True
Let k be (-1)/(-8)*10*4. Suppose 2*r = -t + 31, 155 = 5*t - k*r + 2*r. Is t a prime number?
True
Let z(k) = k**3 + 10*k**2 + 4*k + 3. Let t be z(-6). Suppose -504 = -3*j - t. Is j composite?
False
Let r = 938 - 567. Is r composite?
True
Let n = 9 - 6. Suppose 235 = n*l + 2*l. Is l composite?
False
Is (-9 - 16360/(-24))*3/2 a composite number?
False
Let i = 365 - 206. Suppose 0 = 2*n + 3*l - 161, n - i = -n - 5*l. Is n a composite number?
True
Suppose 3*i + i + 53 = -g, 0 = -4*i + 3*g - 33. Is (-666)/i + (-2)/4 prime?
False
Suppose 3*n - 8*n - 740 = 0. Let l = n + 254. Is l a prime number?
False
Suppose f - 2*w + 7 = 0, -5*f + 2*w - 4 = -f. Is (14/8)/(f/116) prime?
False
Suppose 151 - 486 = -5*l. Is l composite?
False
Let r(p) = -p**3 - 4*p**2 - 3*p + 4. Let n be r(-3). Suppose n*h - 4*q - 1154 = 2*h, 4*q + 2328 = 4*h. Is h composite?
False
Let t = 0 + 0. Let s be -2 - (-11 + t + 0). Suppose 0 = -g + s - 2. Is g prime?
True
Suppose 31 + 3 = 2*f. Suppose -f = x - 2*x. Is 2*x + -3 + 2 composite?
True
Suppose 4*b = -b. Is 0 + 158 + 3 + b prime?
False
Let i = 5224 + -3471. Is i composite?
False
Let j(s) = 2*s + 2. Let l be j(2). Let m be (-74)/3*(-9)/l. Suppose -4*d + m = -3*d. Is d prime?
True
Let t = 3 - 1. Suppose 0 = -k - 2*k + t*f + 1949, f = 3*k - 1948. Is k composite?
True
Suppose c - 233 + 10 = 0. Is c a composite number?
False
Suppose v + g = 291, 104 = v + 5*g - 179. Is v a composite number?
False
Suppose 3*a - 3*w - 3627 = 0, -a + 3*w = -4*a + 3651. Is a a prime number?
True
Let u(q) = q - 9. Let w be u(5). Is ((-8)/(-10))/(w/(-70)) prime?
False
Is (2 - (-142)/8)*(1 + 11) prime?
False
Is (-1)/((-5607)/1401 - -4) composite?
False
Let q = 63 - -16. Is q a composite number?
False
Let c(k) = k**2 - 8*k - 17. Suppose -25 = -2*q + 3*y - 3, -78 = -5*q - 4*y. Is c(q) prime?
True
Let z = 13 + -8. Suppose -3*b = -58 - z. Is b a prime number?
False
Let m(t) = -t - 3. Let i be m(5). Let n = 1 + -5. Is ((-39)/n)/((-3)/i) a prime number?
False
Suppose f = -d + 2*f + 259, d - 279 = -4*f. Is d a prime number?
True
Let q(w) = -w. Let u be q(-3). Let b = 35 + 2. Is (u - b/2)*-2 a prime number?
True
Suppose 36 = 5*y - 129. Is y a composite number?
True
Suppose 0 = -10*g - 0*g + 24670. Is g a composite number?
False
Let d(u) = 41*u**2 - 12*u - 10. Is d(7) prime?
False
Suppose -2*f = 2*a - 0*a - 6, -3*f - 4*a + 7 = 0. Suppose f*w - 27 + 12 = 0. Suppose 2*g + w*g = 55. Is g composite?
False
Suppose 25*m = 22*m + 1341. Is m prime?
False
Let q be -225*(2 - 4) - -1. Suppose 5*w - 3*d - 941 = w, 5*d = -2*w + q. Is w composite?
False
Let p = -3292 - -6227. Is p composite?
True
Let u(b) = 4*b**3 + 3*b**2 + 4*b - 1. Let n be u(-4). Let q be 6/(-9)*n/6. Let g = q - 15. Is g prime?
False
Let n = -123 + 190. Suppose -15 = 3*t, c - 4*t - n - 80 = 0. Is c a composite number?
False
Let o = 2136 + -403. Is o a prime number?
True
Suppose -18 = d - 2*d + 5*q, 5*d - q = 42. Suppose -2*z + 0*z + d = 0. Suppose z*f - 5*f = -149. Is f composite?
False
Let s be (8/(-10))/((-3)/2640). Let f = s - 481. Is f a prime number?
True
Let z(r) = 3*r - 2. Let h be z(2). Let g(b) = -b**2 - 15*b - 14. Let a be g(-11). Suppose p - h*p = -a. Is p prime?
False
Let b(k) = -408*k - 1. Is b(-1) prime?
False
Let y(d) = -2*